{"id":12393,"date":"2017-01-09T14:34:14","date_gmt":"2017-01-09T14:34:14","guid":{"rendered":"http:\/\/liceofrancestenerife.es\/nuevaweb\/quienes-somos\/"},"modified":"2017-01-11T17:04:25","modified_gmt":"2017-01-11T17:04:25","slug":"quest-ce-quun-lycee-francais","status":"publish","type":"page","link":"https:\/\/liceofrancestenerife.es\/fr\/quest-ce-quun-lycee-francais\/","title":{"rendered":"Qu\u2019est-ce qu\u2019un lyc\u00e9e fran\u00e7ais??"},"content":{"rendered":"<div class=\"fusion-fullwidth fullwidth-box fusion-builder-row-1 nonhundred-percent-fullwidth non-hundred-percent-height-scrolling\" style=\"background-color: rgba(255,255,255,0);background-position: center center;background-repeat: no-repeat;padding-top:20px;padding-right:0px;padding-bottom:20px;padding-left:0px;margin-bottom: 0px;margin-top: 0px;border-width: 0px 0px 0px 0px;border-color:#eae9e9;border-style:solid;\" ><div class=\"fusion-builder-row fusion-row\"><div class=\"fusion-layout-column fusion_builder_column fusion-builder-column-0 fusion_builder_column_1_1 1_1 fusion-one-full fusion-column-first fusion-column-last\" style=\"margin-top:0px;margin-bottom:20px;\"><div class=\"fusion-column-wrapper fusion-flex-column-wrapper-legacy\" style=\"background-position:left top;background-repeat:no-repeat;-webkit-background-size:cover;-moz-background-size:cover;-o-background-size:cover;background-size:cover;padding: 0px 0px 0px 0px;\"><div class=\"fusion-text fusion-text-1\"><p><img decoding=\"async\" class=\"lazyload aligncenter wp-image-12692 size-full\" src=\"http:\/\/liceofrancestenerife.es\/nuevaweb\/wp-content\/uploads\/2017\/01\/20161215-Mural-Louis-Lambert-10.jpg\" data-orig-src=\"http:\/\/liceofrancestenerife.es\/nuevaweb\/wp-content\/uploads\/2017\/01\/20161215-Mural-Louis-Lambert-10.jpg\" width=\"902\" height=\"598\" srcset=\"data:image\/svg+xml,%3Csvg%20xmlns%3D%27http%3A%2F%2Fwww.w3.org%2F2000%2Fsvg%27%20width%3D%27902%27%20height%3D%27598%27%20viewBox%3D%270%200%20902%20598%27%3E%3Crect%20width%3D%27902%27%20height%3D%27598%27%20fill-opacity%3D%220%22%2F%3E%3C%2Fsvg%3E\" data-srcset=\"https:\/\/liceofrancestenerife.es\/nuevaweb\/wp-content\/uploads\/2017\/01\/20161215-Mural-Louis-Lambert-10-200x133.jpg 200w, https:\/\/liceofrancestenerife.es\/nuevaweb\/wp-content\/uploads\/2017\/01\/20161215-Mural-Louis-Lambert-10-300x199.jpg 300w, https:\/\/liceofrancestenerife.es\/nuevaweb\/wp-content\/uploads\/2017\/01\/20161215-Mural-Louis-Lambert-10-400x265.jpg 400w, https:\/\/liceofrancestenerife.es\/nuevaweb\/wp-content\/uploads\/2017\/01\/20161215-Mural-Louis-Lambert-10-600x398.jpg 600w, https:\/\/liceofrancestenerife.es\/nuevaweb\/wp-content\/uploads\/2017\/01\/20161215-Mural-Louis-Lambert-10-768x509.jpg 768w, https:\/\/liceofrancestenerife.es\/nuevaweb\/wp-content\/uploads\/2017\/01\/20161215-Mural-Louis-Lambert-10-800x530.jpg 800w, https:\/\/liceofrancestenerife.es\/nuevaweb\/wp-content\/uploads\/2017\/01\/20161215-Mural-Louis-Lambert-10.jpg 902w\" data-sizes=\"auto\" data-orig-sizes=\"(max-width: 902px) 100vw, 902px\" \/><\/p>\n<\/div><div class=\"fusion-clearfix\"><\/div><\/div><\/div><div class=\"fusion-layout-column fusion_builder_column fusion-builder-column-1 fusion_builder_column_1_1 1_1 fusion-one-full fusion-column-first fusion-column-last\" style=\"margin-top:0px;margin-bottom:20px;\"><div class=\"fusion-column-wrapper fusion-flex-column-wrapper-legacy\" style=\"background-position:left top;background-repeat:no-repeat;-webkit-background-size:cover;-moz-background-size:cover;-o-background-size:cover;background-size:cover;padding: 0px 0px 0px 0px;\"><style type=\"text\/css\"><\/style><div class=\"fusion-title title fusion-title-1 fusion-sep-none fusion-title-text fusion-title-size-three\" style=\"margin-top:0px;margin-right:0px;margin-bottom:31px;margin-left:0px;\"><h3 class=\"title-heading-left\" style=\"margin:0;\"><h2><span style=\"color: #1675a0;\">Qu\u2019est-ce qu\u2019un lyc\u00e9e fran\u00e7ais??<\/span><\/h2><\/h3><\/div><div class=\"fusion-text fusion-text-2\"><p>C\u2019est un \u00e9tablissement scolaire qui dispense une \u00e9ducation de 3 \u00e0 18 ans, de la petite section \u00e0 la terminale, dans un r\u00e9seau international unique au monde de 494 \u00e9tablissements dans 135 pays. La <span style=\"color: #1675a0;\">Mission La\u00efque fran\u00e7ais<\/span> fait partie des 2 principaux op\u00e9rateurs de l\u2019enseignement fran\u00e7ais \u00e0 l\u2019\u00e9tranger.<\/p>\n<p>C\u2019est un enseignement multilingue <span style=\"color: #1675a0;\">\u00ab\u00a03 langues 2 cultures\u00a0\u00bb<\/span>\u00a0: espagnol, fran\u00e7ais (d\u00e8s 3 ans) et anglais (d\u00e8s 5 ans).<\/p>\n<p>Le Lyc\u00e9e Jules Verne est <span style=\"color: #1675a0;\">homologu\u00e9<\/span> par le Minist\u00e8re Fran\u00e7ais de l&#8217;Education Nationale et par le Minist\u00e8re Espagnol de l&#8217;Education et de la Culture.<\/p>\n<\/div><span class=\" fusion-imageframe imageframe-none imageframe-1 hover-type-none\"><img decoding=\"async\" width=\"600\" height=\"260\" title=\"equivalencia-sistema\" src=\"https:\/\/liceofrancestenerife.es\/nuevaweb\/wp-content\/uploads\/2017\/01\/equivalencia-sistema.jpg\" data-orig-src=\"http:\/\/liceofrancestenerife.es\/nuevaweb\/wp-content\/uploads\/2017\/01\/equivalencia-sistema.jpg\" class=\"lazyload img-responsive wp-image-12689\" srcset=\"data:image\/svg+xml,%3Csvg%20xmlns%3D%27http%3A%2F%2Fwww.w3.org%2F2000%2Fsvg%27%20width%3D%27600%27%20height%3D%27260%27%20viewBox%3D%270%200%20600%20260%27%3E%3Crect%20width%3D%27600%27%20height%3D%27260%27%20fill-opacity%3D%220%22%2F%3E%3C%2Fsvg%3E\" data-srcset=\"https:\/\/liceofrancestenerife.es\/nuevaweb\/wp-content\/uploads\/2017\/01\/equivalencia-sistema-200x87.jpg 200w, https:\/\/liceofrancestenerife.es\/nuevaweb\/wp-content\/uploads\/2017\/01\/equivalencia-sistema-400x173.jpg 400w, https:\/\/liceofrancestenerife.es\/nuevaweb\/wp-content\/uploads\/2017\/01\/equivalencia-sistema.jpg 600w\" data-sizes=\"auto\" data-orig-sizes=\"(max-width: 800px) 100vw, 600px\" \/><\/span><div class=\"fusion-sep-clear\"><\/div><div class=\"fusion-separator fusion-full-width-sep\" style=\"margin-left: auto;margin-right: auto;margin-top:20px;margin-bottom:20px;width:100%;\"><\/div><div class=\"fusion-sep-clear\"><\/div><style type=\"text\/css\"><\/style><div class=\"fusion-title title fusion-title-2 fusion-sep-none fusion-title-text fusion-title-size-three\" style=\"margin-top:0px;margin-right:0px;margin-bottom:31px;margin-left:0px;\"><h3 class=\"title-heading-left\" style=\"margin:0;\"><h2><span style=\"color: #1675a0; font-weight: 400;\">L\u2019organisation du lyc\u00e9e fran\u00e7ais Jules Verne<\/span><\/h2><\/h3><\/div><div class=\"fusion-text fusion-text-3\"><p><span style=\"color: #1675a0;\">Le conseil d\u2019\u00e9tablissement\u00a0:<\/span><\/p>\n<ul>\n<li style=\"font-weight: 400;\"><span style=\"font-weight: 400;\">il regroupe des personnels, des \u00e9l\u00e8ves et des \u00a0parents \u00e9lus ainsi que le proviseur et l\u2019\u00e9quipe de direction\u00a0; parfois sont pr\u00e9sents des repr\u00e9sentants de Fran\u00e7ais de l\u2019\u00e9tranger (conseillers consulaires). Ce conseil se prononce en faveur des grandes d\u00e9cisions concernant l\u2019\u00e9tablissement (structure p\u00e9dagogique, voyages, \u00e9quipements, budget\u2026).<\/span><\/li>\n<\/ul>\n<p><span style=\"color: #1675a0;\">Le r\u00e8glement int\u00e9rieur\u00a0:<\/span><\/p>\n<ul>\n<li style=\"font-weight: 400;\"><span style=\"font-weight: 400;\">c\u2019est un texte qui donne les principales r\u00e8gles de vie au sein de l\u2019\u00e9tablissement pour toute la communaut\u00e9 \u00e9ducative (\u00e9l\u00e8ves, personnels et parents)\u00a0; valeurs d\u2019un lyc\u00e9e fran\u00e7ais, droits et devoirs sont expos\u00e9s. Ce texte doit \u00eatre sign\u00e9 par l\u2019\u00e9l\u00e8ve et ses parents<\/span><\/li>\n<\/ul>\n<p><span style=\"color: #1675a0;\">Atouts\u00a0:<\/span><\/p>\n<ul>\n<li style=\"font-weight: 400;\"><span style=\"font-weight: 400;\"> multilinguisme (espagnol\/fran\u00e7ais\/anglais), certification Cambridge, offre extra-scolaire riche, des appariements avec des \u00e9tablissements en France (au niveau 4<\/span><span style=\"font-weight: 400;\">\u00e8me<\/span><span style=\"font-weight: 400;\">\/3<\/span><span style=\"font-weight: 400;\">\u00e8me<\/span><span style=\"font-weight: 400;\"> et 1<\/span><span style=\"font-weight: 400;\">\u00e8re<\/span><span style=\"font-weight: 400;\">\/Ter).<\/span><\/li>\n<\/ul>\n<\/div><div class=\"fusion-clearfix\"><\/div><\/div><\/div><\/div><\/div>\n","protected":false},"excerpt":{"rendered":"","protected":false},"author":1,"featured_media":0,"parent":0,"menu_order":0,"comment_status":"closed","ping_status":"closed","template":"","meta":{"footnotes":""},"class_list":["post-12393","page","type-page","status-publish","hentry"],"_links":{"self":[{"href":"https:\/\/liceofrancestenerife.es\/fr\/wp-json\/wp\/v2\/pages\/12393","targetHints":{"allow":["GET"]}}],"collection":[{"href":"https:\/\/liceofrancestenerife.es\/fr\/wp-json\/wp\/v2\/pages"}],"about":[{"href":"https:\/\/liceofrancestenerife.es\/fr\/wp-json\/wp\/v2\/types\/page"}],"author":[{"embeddable":true,"href":"https:\/\/liceofrancestenerife.es\/fr\/wp-json\/wp\/v2\/users\/1"}],"replies":[{"embeddable":true,"href":"https:\/\/liceofrancestenerife.es\/fr\/wp-json\/wp\/v2\/comments?post=12393"}],"version-history":[{"count":6,"href":"https:\/\/liceofrancestenerife.es\/fr\/wp-json\/wp\/v2\/pages\/12393\/revisions"}],"predecessor-version":[{"id":12987,"href":"https:\/\/liceofrancestenerife.es\/fr\/wp-json\/wp\/v2\/pages\/12393\/revisions\/12987"}],"wp:attachment":[{"href":"https:\/\/liceofrancestenerife.es\/fr\/wp-json\/wp\/v2\/media?parent=12393"}],"curies":[{"name":"wp","href":"https:\/\/api.w.org\/{rel}","templated":true}]}}

Qu’est-ce qu’un lycée français??

<div class="fusion-fullwidth fullwidth-box fusion-builder-row-1 nonhundred-percent-fullwidth non-hundred-percent-height-scrolling" style="background-color: rgba(255,255,255,0);background-position: center center;background-repeat: no-repeat;padding-top:20px;padding-right:0px;padding-bottom:20px;padding-left:0px;margin-bottom: 0px;margin-top: 0px;border-width: 0px 0px 0px 0px;border-color:#eae9e9;border-style:solid;" ><div class="fusion-builder-row fusion-row"><div class="fusion-layout-column fusion_builder_column fusion-builder-column-0 fusion_builder_column_1_1 1_1 fusion-one-full fusion-column-first fusion-column-last" style="margin-top:0px;margin-bottom:20px;"><div class="fusion-column-wrapper fusion-flex-column-wrapper-legacy" style="background-position:left top;background-repeat:no-repeat;-webkit-background-size:cover;-moz-background-size:cover;-o-background-size:cover;background-size:cover;padding: 0px 0px 0px 0px;"><div class="fusion-text fusion-text-1"><p><img decoding="async" class="lazyload aligncenter wp-image-12692 size-full" src="http://liceofrancestenerife.es/nuevaweb/wp-content/uploads/2017/01/20161215-Mural-Louis-Lambert-10.jpg" data-orig-src="http://liceofrancestenerife.es/nuevaweb/wp-content/uploads/2017/01/20161215-Mural-Louis-Lambert-10.jpg" width="902" height="598" srcset="data:image/svg+xml,%3Csvg%20xmlns%3D%27http%3A%2F%2Fwww.w3.org%2F2000%2Fsvg%27%20width%3D%27902%27%20height%3D%27598%27%20viewBox%3D%270%200%20902%20598%27%3E%3Crect%20width%3D%27902%27%20height%3D%27598%27%20fill-opacity%3D%220%22%2F%3E%3C%2Fsvg%3E" data-srcset="https://liceofrancestenerife.es/nuevaweb/wp-content/uploads/2017/01/20161215-Mural-Louis-Lambert-10-200x133.jpg 200w, https://liceofrancestenerife.es/nuevaweb/wp-content/uploads/2017/01/20161215-Mural-Louis-Lambert-10-300x199.jpg 300w, https://liceofrancestenerife.es/nuevaweb/wp-content/uploads/2017/01/20161215-Mural-Louis-Lambert-10-400x265.jpg 400w, https://liceofrancestenerife.es/nuevaweb/wp-content/uploads/2017/01/20161215-Mural-Louis-Lambert-10-600x398.jpg 600w, https://liceofrancestenerife.es/nuevaweb/wp-content/uploads/2017/01/20161215-Mural-Louis-Lambert-10-768x509.jpg 768w, https://liceofrancestenerife.es/nuevaweb/wp-content/uploads/2017/01/20161215-Mural-Louis-Lambert-10-800x530.jpg 800w, https://liceofrancestenerife.es/nuevaweb/wp-content/uploads/2017/01/20161215-Mural-Louis-Lambert-10.jpg 902w" data-sizes="auto" data-orig-sizes="(max-width: 902px) 100vw, 902px" /></p>
</div><div class="fusion-clearfix"></div></div></div><div class="fusion-layout-column fusion_builder_column fusion-builder-column-1 fusion_builder_column_1_1 1_1 fusion-one-full fusion-column-first fusion-column-last" style="margin-top:0px;margin-bottom:20px;"><div class="fusion-column-wrapper fusion-flex-column-wrapper-legacy" style="background-position:left top;background-repeat:no-repeat;-webkit-background-size:cover;-moz-background-size:cover;-o-background-size:cover;background-size:cover;padding: 0px 0px 0px 0px;"><style type="text/css"></style><div class="fusion-title title fusion-title-1 fusion-sep-none fusion-title-text fusion-title-size-three" style="margin-top:0px;margin-right:0px;margin-bottom:31px;margin-left:0px;"><h3 class="title-heading-left" style="margin:0;"><h2><span style="color: #1675a0;">Qu’est-ce qu’un lycée français??</span></h2></h3></div><div class="fusion-text fusion-text-2"><p>C’est un établissement scolaire qui dispense une éducation de 3 à 18 ans, de la petite section à la terminale, dans un réseau international unique au monde de 494 établissements dans 135 pays. La <span style="color: #1675a0;">Mission Laïque français</span> fait partie des 2 principaux opérateurs de l’enseignement français à l’étranger.</p>
<p>C’est un enseignement multilingue <span style="color: #1675a0;">« 3 langues 2 cultures »</span> : espagnol, français (dès 3 ans) et anglais (dès 5 ans).</p>
<p>Le Lycée Jules Verne est <span style="color: #1675a0;">homologué</span> par le Ministère Français de l&#8217;Education Nationale et par le Ministère Espagnol de l&#8217;Education et de la Culture.</p>
</div><span class=" fusion-imageframe imageframe-none imageframe-1 hover-type-none"><img decoding="async" width="600" height="260" title="equivalencia-sistema" src="https://liceofrancestenerife.es/nuevaweb/wp-content/uploads/2017/01/equivalencia-sistema.jpg" data-orig-src="http://liceofrancestenerife.es/nuevaweb/wp-content/uploads/2017/01/equivalencia-sistema.jpg" class="lazyload img-responsive wp-image-12689" srcset="data:image/svg+xml,%3Csvg%20xmlns%3D%27http%3A%2F%2Fwww.w3.org%2F2000%2Fsvg%27%20width%3D%27600%27%20height%3D%27260%27%20viewBox%3D%270%200%20600%20260%27%3E%3Crect%20width%3D%27600%27%20height%3D%27260%27%20fill-opacity%3D%220%22%2F%3E%3C%2Fsvg%3E" data-srcset="https://liceofrancestenerife.es/nuevaweb/wp-content/uploads/2017/01/equivalencia-sistema-200x87.jpg 200w, https://liceofrancestenerife.es/nuevaweb/wp-content/uploads/2017/01/equivalencia-sistema-400x173.jpg 400w, https://liceofrancestenerife.es/nuevaweb/wp-content/uploads/2017/01/equivalencia-sistema.jpg 600w" data-sizes="auto" data-orig-sizes="(max-width: 800px) 100vw, 600px" /></span><div class="fusion-sep-clear"></div><div class="fusion-separator fusion-full-width-sep" style="margin-left: auto;margin-right: auto;margin-top:20px;margin-bottom:20px;width:100%;"></div><div class="fusion-sep-clear"></div><style type="text/css"></style><div class="fusion-title title fusion-title-2 fusion-sep-none fusion-title-text fusion-title-size-three" style="margin-top:0px;margin-right:0px;margin-bottom:31px;margin-left:0px;"><h3 class="title-heading-left" style="margin:0;"><h2><span style="color: #1675a0; font-weight: 400;">L’organisation du lycée français Jules Verne</span></h2></h3></div><div class="fusion-text fusion-text-3"><p><span style="color: #1675a0;">Le conseil d’établissement :</span></p>
<ul>
<li style="font-weight: 400;"><span style="font-weight: 400;">il regroupe des personnels, des élèves et des  parents élus ainsi que le proviseur et l’équipe de direction ; parfois sont présents des représentants de Français de l’étranger (conseillers consulaires). Ce conseil se prononce en faveur des grandes décisions concernant l’établissement (structure pédagogique, voyages, équipements, budget…).</span></li>
</ul>
<p><span style="color: #1675a0;">Le règlement intérieur :</span></p>
<ul>
<li style="font-weight: 400;"><span style="font-weight: 400;">c’est un texte qui donne les principales règles de vie au sein de l’établissement pour toute la communauté éducative (élèves, personnels et parents) ; valeurs d’un lycée français, droits et devoirs sont exposés. Ce texte doit être signé par l’élève et ses parents</span></li>
</ul>
<p><span style="color: #1675a0;">Atouts :</span></p>
<ul>
<li style="font-weight: 400;"><span style="font-weight: 400;"> multilinguisme (espagnol/français/anglais), certification Cambridge, offre extra-scolaire riche, des appariements avec des établissements en France (au niveau 4</span><span style="font-weight: 400;">ème</span><span style="font-weight: 400;">/3</span><span style="font-weight: 400;">ème</span><span style="font-weight: 400;"> et 1</span><span style="font-weight: 400;">ère</span><span style="font-weight: 400;">/Ter).</span></li>
</ul>
</div><div class="fusion-clearfix"></div></div></div></div></div>
