{"id":15454,"date":"2017-02-23T14:59:21","date_gmt":"2017-02-23T14:59:21","guid":{"rendered":"http:\/\/liceofrancestenerife.es\/nuevaweb\/stade-resumes-maternalle\/msgs-a\/"},"modified":"2017-02-23T14:59:21","modified_gmt":"2017-02-23T14:59:21","slug":"msgs-a","status":"publish","type":"page","link":"https:\/\/liceofrancestenerife.es\/fr\/stade-resumes-maternalle\/msgs-a\/","title":{"rendered":"MS\/GS A"},"content":{"rendered":"<div class=\"fusion-fullwidth fullwidth-box fusion-builder-row-1 nonhundred-percent-fullwidth non-hundred-percent-height-scrolling\" style=\"background-color: rgba(255,255,255,0);background-position: center center;background-repeat: no-repeat;padding-top:20px;padding-right:0px;padding-bottom:20px;padding-left:0px;margin-bottom: 0px;margin-top: 0px;border-width: 0px 0px 0px 0px;border-color:#eae9e9;border-style:solid;\" ><div class=\"fusion-builder-row fusion-row\"><div class=\"fusion-layout-column fusion_builder_column fusion-builder-column-0 fusion_builder_column_1_1 1_1 fusion-one-full fusion-column-first fusion-column-last\" style=\"margin-top:0px;margin-bottom:20px;\"><div class=\"fusion-column-wrapper fusion-flex-column-wrapper-legacy\" style=\"background-position:left top;background-repeat:no-repeat;-webkit-background-size:cover;-moz-background-size:cover;-o-background-size:cover;background-size:cover;padding: 0px 0px 0px 0px;\"><div class=\"fusion-blog-shortcode fusion-blog-shortcode-1 fusion-blog-archive fusion-blog-layout-timeline-wrapper fusion-blog-pagination\"><div class=\"fusion-posts-container fusion-posts-container-pagination fusion-blog-rollover\" data-pages=\"1\"><div class=\"fusion-timeline-icon\"><i class=\"fusion-icon-bubbles\" style=\"color:#ebeaea;\" aria-hidden=\"true\"><\/i><\/div><div class=\"fusion-blog-layout-timeline fusion-clearfix\"><div class=\"fusion-timeline-line\" style=\"border-left:1px solid #ebeaea;border-right:1px solid #ebeaea;\"><\/div><h3 class=\"fusion-timeline-date\" style=\"background-color:#ebeaea;\">f\u00e9vrier 2017<\/h3><div class=\"fusion-collapse-month\"><article id=\"blog-1-post-14753\" style=\"border-color:#ebeaea;\" class=\"fusion-post-timeline fusion-clearfix fusion-left-column post-14753 post type-post status-publish format-standard has-post-thumbnail hentry category-maternelle category-msgs-a-fr category-prive category-stade-resumes-maternalle\">\n<div class=\"fusion-post-wrapper\" style=\"background-color:rgba(255,255,255,0);\">\n\n\t\t\t<div class=\"fusion-flexslider flexslider fusion-flexslider-loading fusion-post-slideshow\" style=\"border-color:#ebeaea;\">\n\t\t<ul class=\"slides\">\n\t\t\t\n\t\t\t\t\t\t\t\t\t\t\t\t\t\t<li>\n\n<div  class=\"fusion-image-wrapper\" aria-haspopup=\"true\">\n\t\n\t\n\t\n\t\t\n\t\t\t\t\t<img decoding=\"async\" width=\"1600\" height=\"900\" src=\"https:\/\/liceofrancestenerife.es\/nuevaweb\/wp-content\/uploads\/2017\/02\/IMG-20170130-WA0005.jpg\" class=\"attachment-full size-full lazyload wp-post-image\" alt=\"\" srcset=\"data:image\/svg+xml,%3Csvg%20xmlns%3D%27http%3A%2F%2Fwww.w3.org%2F2000%2Fsvg%27%20width%3D%271600%27%20height%3D%27900%27%20viewBox%3D%270%200%201600%20900%27%3E%3Crect%20width%3D%271600%27%20height%3D%27900%27%20fill-opacity%3D%220%22%2F%3E%3C%2Fsvg%3E\" data-orig-src=\"https:\/\/liceofrancestenerife.es\/nuevaweb\/wp-content\/uploads\/2017\/02\/IMG-20170130-WA0005.jpg\" data-srcset=\"https:\/\/liceofrancestenerife.es\/nuevaweb\/wp-content\/uploads\/2017\/02\/IMG-20170130-WA0005-200x113.jpg 200w, https:\/\/liceofrancestenerife.es\/nuevaweb\/wp-content\/uploads\/2017\/02\/IMG-20170130-WA0005-400x225.jpg 400w, https:\/\/liceofrancestenerife.es\/nuevaweb\/wp-content\/uploads\/2017\/02\/IMG-20170130-WA0005-600x338.jpg 600w, https:\/\/liceofrancestenerife.es\/nuevaweb\/wp-content\/uploads\/2017\/02\/IMG-20170130-WA0005-800x450.jpg 800w, https:\/\/liceofrancestenerife.es\/nuevaweb\/wp-content\/uploads\/2017\/02\/IMG-20170130-WA0005-1200x675.jpg 1200w, https:\/\/liceofrancestenerife.es\/nuevaweb\/wp-content\/uploads\/2017\/02\/IMG-20170130-WA0005.jpg 1600w\" data-sizes=\"auto\" \/>\n\t\n\n\t\t<div class=\"fusion-rollover\">\n\t<div class=\"fusion-rollover-content\">\n\n\t\t\t\t\t\t\t\t\t\t\t\t\t\t<a class=\"fusion-rollover-link\" href=\"https:\/\/liceofrancestenerife.es\/fr\/mois-de-janvier-classe-ms-mg-a-2017\/\">Mois de janvier classe MS MG -A 2017<\/a>\n\t\t\t\n\t\t\t\t\t\t\t\t\t\t\t\t\t\t\n\t\t\t\t\t\t\t\t\n\t\t\t\t\t\t\t\t\t\t\t\t\t<div class=\"fusion-rollover-sep\"><\/div>\n\t\t\t\t\n\t\t\t\t\t\t\t\t\t\t\t\t\t\t\t\t\t\t<a class=\"fusion-rollover-gallery\" href=\"https:\/\/liceofrancestenerife.es\/nuevaweb\/wp-content\/uploads\/2017\/02\/IMG-20170130-WA0005.jpg\" data-id=\"14753\" data-rel=\"iLightbox[gallery]\" data-title=\"IMG-20170130-WA0005.jpg\" data-caption=\"\">\n\t\t\t\t\t\tGallery\t\t\t\t\t<\/a>\n\t\t\t\t\t\t\t\t\t\t\t\t\t\t\n\t\t\n\t\t\t\t\t\t\t\t\t\t\t\t<h4 class=\"fusion-rollover-title\">\n\t\t\t\t\t<a class=\"fusion-rollover-title-link\" href=\"https:\/\/liceofrancestenerife.es\/fr\/mois-de-janvier-classe-ms-mg-a-2017\/\">\n\t\t\t\t\t\tMois de janvier classe MS MG -A 2017\t\t\t\t\t<\/a>\n\t\t\t\t<\/h4>\n\t\t\t\n\t\t\t\t\t\t\t\t\t\t<div class=\"fusion-rollover-categories\"><a href=\"https:\/\/liceofrancestenerife.es\/fr\/category\/maternelle\/\" rel=\"tag\">Maternelle<\/a>, <a href=\"https:\/\/liceofrancestenerife.es\/fr\/category\/maternelle\/msgs-a-fr\/\" rel=\"tag\">MS\/GS A<\/a>, <a href=\"https:\/\/liceofrancestenerife.es\/fr\/category\/prive\/\" rel=\"tag\">priv\u00e9<\/a>, <a href=\"https:\/\/liceofrancestenerife.es\/fr\/category\/stade-resumes-maternalle\/\" rel=\"tag\">Stade R\u00e9sum\u00e9s Maternalle<\/a><\/div>\t\t\t\t\t\n\t\t\n\t\t\t\t\t\t<a class=\"fusion-link-wrapper\" href=\"https:\/\/liceofrancestenerife.es\/fr\/mois-de-janvier-classe-ms-mg-a-2017\/\" aria-label=\"Mois de janvier classe MS MG -A 2017\"><\/a>\n\t<\/div>\n<\/div>\n\n\t\n<\/div>\n<\/li>\n\t\t\t\n\t\t\t\n\t\t\t\t\t\t\t\t\t\t\t\t\t\t\t\t\t\t\t\t\t\t\t\t\t\t\t\t\t\t\t\t\t\t\t\t\t\t\t\t\t\t\t\t\t\t\t\t\t\t\t\t\t\t\t\t\t\t\t\t\t\t\t\t\t\t\t\t<\/ul>\n\t<\/div>\n\t<div class=\"fusion-post-content-wrapper\" style=\"padding:30px 25px 20px 25px;\"><div class=\"fusion-post-content post-content\"><div class=\"fusion-timeline-circle\" style=\"background-color:#ebeaea;\"><\/div><div class=\"fusion-timeline-arrow\" style=\"color:#ebeaea;\"><\/div><h2 class=\"blog-shortcode-post-title entry-title\"><a href=\"https:\/\/liceofrancestenerife.es\/fr\/mois-de-janvier-classe-ms-mg-a-2017\/\">Mois de janvier classe MS MG -A 2017<\/a><\/h2><p class=\"fusion-single-line-meta\">By <span class=\"vcard\"><span class=\"fn\"><a href=\"https:\/\/liceofrancestenerife.es\/fr\/author\/adminnex\/\" title=\"Articles par Liceo Franc\u00e9s de Tenerife\" rel=\"author\">Liceo Franc\u00e9s de Tenerife<\/a><\/span><\/span><span class=\"fusion-inline-sep\">|<\/span><span class=\"updated\" style=\"display:none;\">2017-02-24T08:15:47+00:00<\/span><span>F\u00e9v 5, 2017<\/span><span class=\"fusion-inline-sep\">|<\/span>Categories: <a href=\"https:\/\/liceofrancestenerife.es\/fr\/category\/maternelle\/\" rel=\"category tag\">Maternelle<\/a>, <a href=\"https:\/\/liceofrancestenerife.es\/fr\/category\/maternelle\/msgs-a-fr\/\" rel=\"category tag\">MS\/GS A<\/a>, <a href=\"https:\/\/liceofrancestenerife.es\/fr\/category\/prive\/\" rel=\"category tag\">priv\u00e9<\/a>, <a href=\"https:\/\/liceofrancestenerife.es\/fr\/category\/stade-resumes-maternalle\/\" rel=\"category tag\">Stade R\u00e9sum\u00e9s Maternalle<\/a><span class=\"fusion-inline-sep\">|<\/span><\/p><div class=\"fusion-content-sep sep-double sep-solid\" style=\"border-color:#ebeaea;\"><\/div><div class=\"fusion-post-content-container\"><p>Pendant le mois de Janvier, nous avons abord\u00e9 le th\u00e8me de la galette, \u00e0 travers l'album \u00ab\u00a0Roule galette\u00a0\u00bb. Nous avons travaill\u00e9 le vocabulaire, appris de nouvelles chansons et cr\u00e9\u00e9 une couronne. Nous avons travaill\u00e9 sur [...]<\/p><\/div><\/div><div class=\"fusion-meta-info\"><div class=\"fusion-alignleft\"><a class=\"fusion-read-more\" href=\"https:\/\/liceofrancestenerife.es\/fr\/mois-de-janvier-classe-ms-mg-a-2017\/\" aria-label=\"More on Mois de janvier classe MS MG -A 2017\">Read More<\/a><\/div><div class=\"fusion-alignright\"><span>Commentaires ferm\u00e9s<span class=\"screen-reader-text\"> sur Mois de janvier classe MS MG -A 2017<\/span><\/span><\/div><\/div><\/div><div class=\"fusion-clearfix\"><\/div><\/div>\n<\/article>\n<\/div><\/div><\/div><\/div><div class=\"fusion-clearfix\"><\/div><\/div><\/div><\/div><\/div>\n","protected":false},"excerpt":{"rendered":"","protected":false},"author":1,"featured_media":0,"parent":10802,"menu_order":0,"comment_status":"closed","ping_status":"closed","template":"","meta":{"footnotes":""},"class_list":["post-15454","page","type-page","status-publish","hentry"],"_links":{"self":[{"href":"https:\/\/liceofrancestenerife.es\/fr\/wp-json\/wp\/v2\/pages\/15454","targetHints":{"allow":["GET"]}}],"collection":[{"href":"https:\/\/liceofrancestenerife.es\/fr\/wp-json\/wp\/v2\/pages"}],"about":[{"href":"https:\/\/liceofrancestenerife.es\/fr\/wp-json\/wp\/v2\/types\/page"}],"author":[{"embeddable":true,"href":"https:\/\/liceofrancestenerife.es\/fr\/wp-json\/wp\/v2\/users\/1"}],"replies":[{"embeddable":true,"href":"https:\/\/liceofrancestenerife.es\/fr\/wp-json\/wp\/v2\/comments?post=15454"}],"version-history":[{"count":0,"href":"https:\/\/liceofrancestenerife.es\/fr\/wp-json\/wp\/v2\/pages\/15454\/revisions"}],"up":[{"embeddable":true,"href":"https:\/\/liceofrancestenerife.es\/fr\/wp-json\/wp\/v2\/pages\/10802"}],"wp:attachment":[{"href":"https:\/\/liceofrancestenerife.es\/fr\/wp-json\/wp\/v2\/media?parent=15454"}],"curies":[{"name":"wp","href":"https:\/\/api.w.org\/{rel}","templated":true}]}}

<div class="fusion-fullwidth fullwidth-box fusion-builder-row-1 nonhundred-percent-fullwidth non-hundred-percent-height-scrolling" style="background-color: rgba(255,255,255,0);background-position: center center;background-repeat: no-repeat;padding-top:20px;padding-right:0px;padding-bottom:20px;padding-left:0px;margin-bottom: 0px;margin-top: 0px;border-width: 0px 0px 0px 0px;border-color:#eae9e9;border-style:solid;" ><div class="fusion-builder-row fusion-row"><div class="fusion-layout-column fusion_builder_column fusion-builder-column-0 fusion_builder_column_1_1 1_1 fusion-one-full fusion-column-first fusion-column-last" style="margin-top:0px;margin-bottom:20px;"><div class="fusion-column-wrapper fusion-flex-column-wrapper-legacy" style="background-position:left top;background-repeat:no-repeat;-webkit-background-size:cover;-moz-background-size:cover;-o-background-size:cover;background-size:cover;padding: 0px 0px 0px 0px;"><div class="fusion-blog-shortcode fusion-blog-shortcode-1 fusion-blog-archive fusion-blog-layout-timeline-wrapper fusion-blog-pagination"><div class="fusion-posts-container fusion-posts-container-pagination fusion-blog-rollover" data-pages="1"><div class="fusion-timeline-icon"><i class="fusion-icon-bubbles" style="color:#ebeaea;" aria-hidden="true"></i></div><div class="fusion-blog-layout-timeline fusion-clearfix"><div class="fusion-timeline-line" style="border-left:1px solid #ebeaea;border-right:1px solid #ebeaea;"></div><h3 class="fusion-timeline-date" style="background-color:#ebeaea;">février 2017</h3><div class="fusion-collapse-month"><article id="blog-1-post-14753" style="border-color:#ebeaea;" class="fusion-post-timeline fusion-clearfix fusion-left-column post-14753 post type-post status-publish format-standard has-post-thumbnail hentry category-maternelle category-msgs-a-fr category-prive category-stade-resumes-maternalle">
<div class="fusion-post-wrapper" style="background-color:rgba(255,255,255,0);">

			<div class="fusion-flexslider flexslider fusion-flexslider-loading fusion-post-slideshow" style="border-color:#ebeaea;">
		<ul class="slides">
			
														<li>

<div  class="fusion-image-wrapper" aria-haspopup="true">
	
	
	
		
					<img decoding="async" width="1600" height="900" src="https://liceofrancestenerife.es/nuevaweb/wp-content/uploads/2017/02/IMG-20170130-WA0005.jpg" class="attachment-full size-full lazyload wp-post-image" alt="" srcset="data:image/svg+xml,%3Csvg%20xmlns%3D%27http%3A%2F%2Fwww.w3.org%2F2000%2Fsvg%27%20width%3D%271600%27%20height%3D%27900%27%20viewBox%3D%270%200%201600%20900%27%3E%3Crect%20width%3D%271600%27%20height%3D%27900%27%20fill-opacity%3D%220%22%2F%3E%3C%2Fsvg%3E" data-orig-src="https://liceofrancestenerife.es/nuevaweb/wp-content/uploads/2017/02/IMG-20170130-WA0005.jpg" data-srcset="https://liceofrancestenerife.es/nuevaweb/wp-content/uploads/2017/02/IMG-20170130-WA0005-200x113.jpg 200w, https://liceofrancestenerife.es/nuevaweb/wp-content/uploads/2017/02/IMG-20170130-WA0005-400x225.jpg 400w, https://liceofrancestenerife.es/nuevaweb/wp-content/uploads/2017/02/IMG-20170130-WA0005-600x338.jpg 600w, https://liceofrancestenerife.es/nuevaweb/wp-content/uploads/2017/02/IMG-20170130-WA0005-800x450.jpg 800w, https://liceofrancestenerife.es/nuevaweb/wp-content/uploads/2017/02/IMG-20170130-WA0005-1200x675.jpg 1200w, https://liceofrancestenerife.es/nuevaweb/wp-content/uploads/2017/02/IMG-20170130-WA0005.jpg 1600w" data-sizes="auto" />
	

		<div class="fusion-rollover">
	<div class="fusion-rollover-content">

														<a class="fusion-rollover-link" href="https://liceofrancestenerife.es/fr/mois-de-janvier-classe-ms-mg-a-2017/">Mois de janvier classe MS MG -A 2017</a>
			
														
								
													<div class="fusion-rollover-sep"></div>
				
																		<a class="fusion-rollover-gallery" href="https://liceofrancestenerife.es/nuevaweb/wp-content/uploads/2017/02/IMG-20170130-WA0005.jpg" data-id="14753" data-rel="iLightbox[gallery]" data-title="IMG-20170130-WA0005.jpg" data-caption="">
						Gallery					</a>
														
		
												<h4 class="fusion-rollover-title">
					<a class="fusion-rollover-title-link" href="https://liceofrancestenerife.es/fr/mois-de-janvier-classe-ms-mg-a-2017/">
						Mois de janvier classe MS MG -A 2017					</a>
				</h4>
			
										<div class="fusion-rollover-categories"><a href="https://liceofrancestenerife.es/fr/category/maternelle/" rel="tag">Maternelle</a>, <a href="https://liceofrancestenerife.es/fr/category/maternelle/msgs-a-fr/" rel="tag">MS/GS A</a>, <a href="https://liceofrancestenerife.es/fr/category/prive/" rel="tag">privé</a>, <a href="https://liceofrancestenerife.es/fr/category/stade-resumes-maternalle/" rel="tag">Stade Résumés Maternalle</a></div>					
		
						<a class="fusion-link-wrapper" href="https://liceofrancestenerife.es/fr/mois-de-janvier-classe-ms-mg-a-2017/" aria-label="Mois de janvier classe MS MG -A 2017"></a>
	</div>
</div>

	
</div>
</li>
			
			
																																																																				</ul>
	</div>
	<div class="fusion-post-content-wrapper" style="padding:30px 25px 20px 25px;"><div class="fusion-post-content post-content"><div class="fusion-timeline-circle" style="background-color:#ebeaea;"></div><div class="fusion-timeline-arrow" style="color:#ebeaea;"></div><h2 class="blog-shortcode-post-title entry-title"><a href="https://liceofrancestenerife.es/fr/mois-de-janvier-classe-ms-mg-a-2017/">Mois de janvier classe MS MG -A 2017</a></h2><p class="fusion-single-line-meta">By <span class="vcard"><span class="fn"><a href="https://liceofrancestenerife.es/fr/author/adminnex/" title="Articles par Liceo Francés de Tenerife" rel="author">Liceo Francés de Tenerife</a></span></span><span class="fusion-inline-sep">|</span><span class="updated" style="display:none;">2017-02-24T08:15:47+00:00</span><span>Fév 5, 2017</span><span class="fusion-inline-sep">|</span>Categories: <a href="https://liceofrancestenerife.es/fr/category/maternelle/" rel="category tag">Maternelle</a>, <a href="https://liceofrancestenerife.es/fr/category/maternelle/msgs-a-fr/" rel="category tag">MS/GS A</a>, <a href="https://liceofrancestenerife.es/fr/category/prive/" rel="category tag">privé</a>, <a href="https://liceofrancestenerife.es/fr/category/stade-resumes-maternalle/" rel="category tag">Stade Résumés Maternalle</a><span class="fusion-inline-sep">|</span></p><div class="fusion-content-sep sep-double sep-solid" style="border-color:#ebeaea;"></div><div class="fusion-post-content-container"><p>Pendant le mois de Janvier, nous avons abordé le thème de la galette, à travers l'album « Roule galette ». Nous avons travaillé le vocabulaire, appris de nouvelles chansons et créé une couronne. Nous avons travaillé sur [...]</p></div></div><div class="fusion-meta-info"><div class="fusion-alignleft"><a class="fusion-read-more" href="https://liceofrancestenerife.es/fr/mois-de-janvier-classe-ms-mg-a-2017/" aria-label="More on Mois de janvier classe MS MG -A 2017">Read More</a></div><div class="fusion-alignright"><span>Commentaires fermés<span class="screen-reader-text"> sur Mois de janvier classe MS MG -A 2017</span></span></div></div></div><div class="fusion-clearfix"></div></div>
</article>
</div></div></div></div><div class="fusion-clearfix"></div></div></div></div></div>
